 + 8*d - 29. Let i(g) = 4*g**3 + 8*g**2 + 4*g - 15. Let b(x) = 5*i(x) - 3*p(x). Let v be b(-11). Is v + 0 - (-1 + 2) prime?
False
Suppose -l - 3*l = -24. Let y be (-1)/((-3)/l) - -22. Let t = y + -10. Is t a composite number?
True
Let m(a) = -a**3 + 12*a**2 + 3*a + 15. Is m(12) composite?
True
Let p(t) = 14*t**2 - 9*t + 12. Is p(5) composite?
False
Let g(r) = -r**3 + 9*r**2 + 6*r - 11. Is g(7) a prime number?
False
Suppose 0 = -4*l + 213 + 1103. Let p = l + -216. Is p a composite number?
False
Suppose 2*s + 1 = s. Let h be 2 - (-3 - 2/s). Suppose h*m = -54 + 213. Is m a composite number?
False
Suppose -3*k = h + 4, -2*k = -7*k - 10. Suppose h*w + 106 = 4*w. Is w a composite number?
False
Suppose 0 = -10*o - 162 + 4252. Is o prime?
True
Suppose 9 = -u + 2. Let d = u - -13. Suppose 0 = d*k - 4*k - 290. Is k a composite number?
True
Is (-51064)/(-40) + 4/10 a composite number?
False
Let o(k) = k**3 - 5*k**2 + 4*k. Let d be o(4). Suppose 5*i - t = t + 50, 3*t = d. Is i composite?
True
Let l = -3 - -6. Let s(i) be the third derivative of i**6/120 - i**5/60 - i**4/24 + 2*i**3/3 - 3*i**2. Is s(l) prime?
True
Suppose 4*i - 4*l = 4596, 8*l - 12*l + 3419 = 3*i. Is i a composite number?
True
Let d(b) be the first derivative of b**7/840 + b**6/45 + b**5/24 + 7*b**4/24 - b**3 - 1. Let r(u) be the third derivative of d(u). Is r(-7) prime?
False
Let p(u) = 10*u. Let a be p(1). Suppose 6*b - b + 220 = 5*v, 3*b = -5*v + 228. Suppose j + a = v. Is j composite?
True
Is 92*(4/26 - 166/(-104)) prime?
False
Suppose -4*n + 37 = 5*p, -3*n + 7 = -2. Suppose -v + 0*v + 7 = t, 4*v + 71 = p*t. Is t prime?
True
Let n(p) be the second derivative of 0*p**4 + 2*p + 1/20*p**5 + 0 - 5/2*p**2 + 5/6*p**3. Is n(4) a composite number?
False
Let n = -3 - 0. Let c be -2 - 481/(-2 - n). Is 2/3*c/(-2) a prime number?
False
Suppose -132 = -j + 127. Is j a prime number?
False
Let f = 4 + 78. Is f composite?
True
Suppose -6*v + 32 = -2*v. Let h(f) = -f - 10. Let q(l) = l + 11. Let u(w) = -5*h(w) - 4*q(w). Is u(v) prime?
False
Let i(d) = -d**2 - 10*d + 6. Is i(-5) a composite number?
False
Let n be 2/(-8) + (-90)/(-8). Suppose -n = 3*l - 4*l. Suppose l = -s + 42. Is s prime?
True
Let r be (-1 + 1 - 0) + 56. Suppose 152 = h + 54. Suppose 0 = -2*d + h + r. Is d prime?
False
Let n = -308 + 1054. Is n composite?
True
Let o(r) = -3*r - 4. Let g(h) = h - 5. Let s be g(0). Is o(s) composite?
False
Let s be (-25)/9 - (-4)/(-18). Let n = s + 4. Let j = 2 + n. Is j a prime number?
True
Let h(a) = 2*a**2 + 10*a - 7. Let l be h(-9). Suppose 74 = 5*s - 3*d + 9, 0 = 5*s + d - l. Is s a composite number?
False
Suppose -8*j + 4*j = 0. Suppose 2*u - 11 - 315 = j. Is u composite?
False
Suppose 34 + 56 = 3*t. Suppose -t = -h + 1. Let n = h - -60. Is n a prime number?
False
Let q be (-6)/21 - 492/(-7). Is -2 + -2 + q - -1 composite?
False
Suppose -6905 = -13*a + 8*a. Is a composite?
False
Let l = 2 + 29. Let r(p) = p**3 - 14*p**2 - p + 17. Let i be r(14). Suppose -35 = -2*t + i*o + l, -o = -3*t + 99. Is t a prime number?
False
Let w(m) = 2*m**2 - m + 1. Let y be w(1). Suppose -5*c = -5*i - 1 - 4, 0 = -3*i + y*c + 2. Suppose i*b + 174 - 506 = 0. Is b a prime number?
True
Suppose -4*j + 2*l - 20 = 0, 2*l + 2*l - 31 = 5*j. Let p be (-3)/j - (-468)/3. Let x = -88 + p. Is x prime?
False
Suppose 0 = -5*f + v + 1, -2*f + 2*v + 4 = 10. Let q(s) = 10*s**3 - 8*s**3 + s + 16*s**3. Is q(f) prime?
True
Let h(u) be the second derivative of -7*u**3/2 - u. Is h(-1) a prime number?
False
Let z be 0*(-2 - 15/(-6)). Suppose z*i - 4*i + 120 = 0. Is (-2 - -1)/((-2)/i) a prime number?
False
Suppose -2*y - 3*d + 615 = 176, -4*d - 633 = -3*y. Is y a prime number?
False
Let b = 159 - 84. Suppose -5*a = -0*a - b. Is a composite?
True
Let d be (-6)/21 + 23/7. Suppose -d*v = 2*v - 75. Is v composite?
True
Suppose -s + 5*w - 730 = s, -2*s - 746 = -w. Let i = s - -578. Is i prime?
False
Let a(d) = d**3 + 4*d**2 + 3*d + 2. Let f be 2*3*(-1)/2. Let n be a(f). Suppose -2*q - n*l = -65 + 9, -3*q = 4*l - 89. Is q a prime number?
True
Suppose 998 + 7819 = 3*z. Is z a prime number?
True
Is (-73899)/(-35) - 4/10 a prime number?
True
Let d(z) = 6*z + 1. Let h be d(5). Let p be 3*(2 - 23/3). Let u = h + p. Is u prime?
False
Let j = -1530 - -2324. Is j prime?
False
Suppose 2*x = -3*g, -x + 6*g - 4*g = 7. Is -1*(-9)/x + 130 a prime number?
True
Suppose 0 = -2*h - 2*h. Suppose -5*y - 4 + 69 = h. Is y prime?
True
Let b = -210 - -505. Let a = -206 + b. Is a a composite number?
False
Suppose -2*k + 24 = 3*t, -4*t + 20 - 3 = k. Suppose 4*b = -3*w + k, 0 = -4*b - w + 6 - 3. Suppose -2*m + 1066 = 4*n, 2*n - n - 2*m - 269 = b. Is n prime?
False
Let q(u) be the second derivative of 2*u**5/5 - u**4/3 + u**3/2 - u**2/2 + 5*u. Is q(2) composite?
False
Let c(l) = -4*l**3 + 4*l**2 - 2. Let z(q) = 3*q**3 - 3*q**2 - q + 1. Let j(a) = -2*c(a) - 3*z(a). Let g be j(3). Is ((-86)/g)/(2/8) a composite number?
False
Let u = 1095 - 617. Is u prime?
False
Let p(b) = -b - 1. Let c(q) = 7*q - 8. Let o(x) = -c(x) - 4*p(x). Let i be o(8). Is 4/(i/(-345)) - 2 prime?
True
Suppose -2*g + 14073 = g. Is g a composite number?
False
Let c = 24 + -14. Let f be 3/(-15) + 42/c. Suppose -5*p + 5*h + 380 = 0, 3*p - 227 = -0*h + f*h. Is p a prime number?
False
Let i(z) = -z**3 - 3*z**2. Let y be i(-3). Suppose u - 4*x - 27 = y, 2*u - 6*x - 40 = -5*x. Is u prime?
True
Suppose 3*n + m + 3*m - 21 = 0, n - 4*m + 9 = 0. Let i(b) be the first derivative of b**4/4 - b**3/3 + b**2/2 + 4*b + 2. Is i(n) prime?
False
Let z = -43 - -91. Suppose -45 = 3*h + h + 5*l, -z = 5*h - 2*l. Let w(a) = 2*a**2 + 16*a + 11. Is w(h) prime?
False
Let b = 61 + 202. Is b prime?
True
Is ((-4)/(-8))/((-2)/(-1772)) a prime number?
True
Let b = 298 - -171. Is b composite?
True
Let d = -277 - -950. Is d composite?
False
Is (-7)/3*(-6 + -375) prime?
False
Let w = -24 - -34. Let v = w + -5. Suppose -v - 4 = -t. Is t a composite number?
True
Let k(r) = -r**3 - 5*r**2 + 5*r - 2. Let z be k(-6). Suppose y + z = 8. Suppose -4*f + 2*m = -88, 2*m = -0 - y. Is f prime?
False
Let m(z) = 5*z - 3. Let u be m(2). Let h = u + 5. Let r = 59 - h. Is r a prime number?
True
Let d(l) = 2*l**3 - 6*l**2 - 2*l + 5. Is d(5) prime?
False
Suppose -5*f + 322 = 3*r, -3*r = -0*r - 5*f - 332. Is r prime?
True
Let u(j) = 3*j + 6. Let f(t) = -1. Let p(r) = 5*f(r) + u(r). Suppose -4*l - 13 = -2*m - m, -5*l + 10 = 5*m. Is p(m) a composite number?
True
Let r = -167 + 798. Is r composite?
False
Let p be 9/6*(-4)/6. Let v = 14 + p. Is v a composite number?
False
Suppose -2*r - 94 = 3*b + 3*r, -4*r = 5*b + 148. Let f = 67 + b. Is f a composite number?
True
Suppose -i + 336 = i. Suppose i = -5*u + 2833. Suppose 3*b - 3*m = 2*b + 112, 4*b = -5*m + u. Is b composite?
False
Suppose 2*b - 4*b = 46. Is -3 - 0 - (b - -1) a prime number?
True
Let s = -7 + 6. Is 0 - (-52 - s)*1 prime?
False
Let a be (8/(-12))/(1/(-1260)). Suppose -w + a = 5*p, -3*p = 2*w - 0*p - 1645. Is w a prime number?
False
Let a(z) = z**2 + z. Let m be a(1). Suppose 2*o + 190 = 4*y, 0 = -5*y + m*o + 249 - 12. Suppose -2*r + y = 5*k, 0*r - 5*r - 20 = 0. Is k composite?
False
Let h(y) = 19*y + 22. Is h(15) a prime number?
True
Let m(a) = -a**2 - 6*a - 4. Let u be m(-7). Let o(y) = y**2 + 9*y - 3. Is o(u) prime?
True
Suppose 0 = -2*g - 2*g + 652. Is g prime?
True
Let o(r) = 32*r. Let q be o(6). Suppose 3*p = 75 + q. Is p a prime number?
True
Let f(x) = -36*x - 13. Is f(-2) a prime number?
True
Is (-2)/((24/(-537))/4) composite?
False
Let u be (-6)/(1 + (-11)/14). Let c be (-3)/(-15) - 492/10. Let i = u - c. Is i a prime number?
False
Let q(c) = 91*c + 31. Is q(10) a composite number?
False
Let y be 3/6 - (-756)/8. Suppose -c = 4*w - y, -3*c + 108 + 161 = -4*w. Is c a composite number?
True
Suppose -5*j + 0*h + 5*h + 3575 = 0, -1442 = -2*j - h. Is j a composite number?
False
Suppose 0 = -3*l + 661 - 214. Is l prime?
True
Let u(m) = -28*m**3 - m**2 + 3*m + 3. Is u(-2) a prime number?
False
Let i(q) be the first derivative of -q**4/4 - 4*q**3/3 - q**2 + q - 4. Let k be i(-5). Suppose d = -5 + k. Is d a prime number?
True
Let w(g) = -3*g**2 - 4*g. Let a(c) = -10*c**2 - 12*c - 1. Let h(r) = -2*a(r) + 7*w(r). Let p be h(-3). Suppose 20 = -5*i, -p*n - i + 180 = 9. Is n prime?
False
Let b(n) = -418*n -